erivative of -m**5/20 - m**4/12 + m**3/6 + 3*m. Let a be g(1). Let h(j) = -250*j**3 + 2*j**2 - 1. Is h(a) prime?
True
Let l = 105 - 157. Let h = -92 + 179. Let v = h + l. Is v prime?
False
Let y = -2103 - -4256. Is y prime?
True
Let x(r) = 39*r**2 - 7*r - 53. Is x(14) prime?
False
Let k(p) = p**3 - 11*p**2 - 22*p + 15. Let t be k(18). Suppose 0 = 3*i + 2*z - 563 - 572, 5*i + z - t = 0. Is i composite?
True
Let k = -12 + 14. Suppose -248 = -k*x + 2*j + 400, -3*j - 15 = 0. Is x a composite number?
True
Suppose 2*b = -2*m - 66, 3*b = m - b + 48. Let n = 281 - m. Is n composite?
False
Let i = 58 + -60. Is (477/(-6) + 5)*i a composite number?
False
Let b be 4/(4/(-2)) - 7. Let c(p) = p**3 + 8*p**2 - 9*p. Let d be c(b). Suppose d = -3*s + 433 - 172. Is s prime?
False
Let i(x) = -x**3 + 11*x**2 + x - 8. Suppose 4*k = -k + 55. Let y be i(k). Suppose 4*r - 789 = -y*h, 5*r + 320 - 38 = h. Is h composite?
True
Suppose 4*a - 4*s = 0, a - 2*s - s = 0. Suppose 13 = -2*d + 5*d + 4*v, -2*d + 5*v + 1 = a. Is 6*4 + -4 + d composite?
False
Let r = -44 - -50. Is (76/6)/(r/9) a prime number?
True
Is 92914*-8*(-5)/80 a composite number?
False
Suppose 40 = -2*d - 2*d. Let y = d - -10. Suppose 3*f - 124 - 275 = y. Is f prime?
False
Suppose -4*a = -s + 749, -4*a - 2991 - 802 = -5*s. Suppose -j = -2*f - s, 0*j + 4*f + 2273 = 3*j. Is j a prime number?
True
Let d(q) be the third derivative of -q**5/60 - q**4/4 - 2*q**3/3 - 2*q**2. Let m be d(-5). Is (1 - -419) + (m - 2) prime?
True
Let k = -10 - -10. Let d be -6 + 4 - (2 - k). Is 299 - (d + (-6)/(-3)) a composite number?
True
Let t(p) = p**2 - 16*p + 2. Let j be t(7). Let v = j - 6. Let k = 118 - v. Is k prime?
False
Let f(m) = -m**2 - 8*m - 1. Let t be f(-7). Suppose t*w - 547 = 3491. Is w composite?
False
Let x = 9525 + -1352. Is x a composite number?
True
Let u(g) = 3886*g**2 + g + 11. Is u(4) a prime number?
True
Let c(f) = 23*f - 32. Let i be c(5). Suppose 8*a + i = 1995. Is a a composite number?
False
Is (-185 - -184)*(-1)/((-2)/(-56554)) a composite number?
False
Suppose 0 = 3*a - 3*h - 90586 - 49082, -4*a = -5*h - 186225. Is a a prime number?
False
Let y(i) = -i**3 + 5*i**2 + i - 10. Let m be y(5). Let z(g) be the first derivative of -51*g**2/2 - 2*g - 5. Is z(m) composite?
True
Suppose -m = -4*p - 24, -5*m - 4*p + 96 = -m. Let z = 38 - m. Let w = z - -73. Is w composite?
True
Suppose -137092 + 10076 = -8*p. Is p a composite number?
False
Is (3716 - 1) + (-52)/(-10 - 3) composite?
False
Suppose f = -4*r + 5741, -14310 = -3*f + r + 2874. Is f a composite number?
True
Let s(h) be the first derivative of -45*h**2/2 + 19*h + 6. Is s(-8) prime?
True
Let y(w) be the third derivative of -w**6/120 - 7*w**5/30 - w**4/24 + 13*w**3/6 + 22*w**2. Is y(-15) a composite number?
True
Is (-1)/(-3) + 2228*9/27 a prime number?
True
Suppose p + t = 7275, 0 = -5*t - 1 - 9. Is p composite?
True
Let k(n) = 25*n**3 + 15*n**2 + 13*n - 22. Is k(7) composite?
True
Let p be (-6)/(-39) - (-17166)/(-39). Suppose 0 = -7*n + 8*n - 919. Let u = p + n. Is u a composite number?
False
Let a(d) = -30*d - 11. Let t be -3 - -12*4/(-6). Is a(t) a composite number?
True
Let b(m) = -2027*m + 26. Is b(-1) a composite number?
False
Is ((-6)/4)/((-15860)/7928 - -2) a prime number?
False
Let w be 44/(-8) + 1/(-2). Let j(v) = v**3 + 11*v**2 - 5*v + 3. Is j(w) a prime number?
False
Let v(b) = 187*b - 4. Let u be v(2). Let a = -172 + u. Suppose -a = -3*n + 141. Is n a composite number?
False
Let x(f) = 1074*f - 1. Is x(2) prime?
False
Let i be (-48)/4 - (-3 - 0). Let r(l) = -24*l**3 + 7*l**2 - 4*l - 1. Let m(g) = -49*g**3 + 15*g**2 - 9*g - 2. Let x(a) = i*r(a) + 4*m(a). Is x(2) composite?
False
Is (-225)/(-27) - 9 - (-6713)/3 composite?
False
Suppose 2*h - 4*d = 6*h - 77616, 4*h + 2*d = 77614. Is h a prime number?
True
Suppose 81 = -3*o + 5*p, 4*o + 2*p - 3*p = -91. Let r(u) = u**2 - 14*u - 5. Is r(o) composite?
False
Let d(s) = 297*s**2 + 5*s + 3. Is d(-3) a prime number?
False
Let a(t) = -3*t**2 + 2*t + 4. Let m be a(-3). Let k = m - -48. Is k a composite number?
False
Suppose 4*k + 228 = 2*f, 2*f - 3*k = 2*k + 224. Is f a composite number?
True
Suppose c = 2, 3*y + 4*c - 20050 = 11959. Is y a composite number?
False
Let i = 7 - 7. Let q(c) = c**3 - 298. Let f be q(i). Let j = 501 + f. Is j a prime number?
False
Let f(z) = -3120*z - 5. Let x be f(-5). Suppose 0 = 3*y - 1366 + x. Is y/(-8) - 9/(-72) a composite number?
False
Suppose 0 = 6*z - 9*z + l + 68814, z - 22922 = -5*l. Is z prime?
True
Let k = -12875 - -19998. Is k a prime number?
False
Let o = 26 + -22. Let h(g) = -7*g - 1 + 13*g**2 + 3*g - o*g - 10. Is h(-6) prime?
False
Let q be 1/((-2)/8 - 606/(-2328)). Let l = q - -154. Is l composite?
False
Suppose -2*i + 0*i - 4*t = 20, -12 = 2*i - 4*t. Is -382*(-3 - 28/i - 2) a prime number?
False
Let o = -34 - -39. Suppose o*h - 3*d = 4*h + 200, 12 = -4*d. Is h a composite number?
False
Suppose -7*z + 9*z = -8. Is (z/(-8))/((-5)/(-2620)) composite?
True
Let u = -27 - -31. Suppose -5*q + 3*q = -12. Suppose -u*d - 25 = -p, q*p + 5*d = 2*p + 142. Is p a prime number?
False
Let y = -23 + 25. Suppose -2*x + 4*z = -146, -2*x + 125 = y*z + z. Is x a composite number?
False
Let h(f) = -237*f + 112. Is h(-9) a composite number?
True
Suppose 43304 = 68*p - 440380. Is p composite?
True
Suppose 8 = -2*z, -s + 3*z = -0*z - 33. Let j = 35 - s. Is j a prime number?
False
Let u = -236436 + 349717. Is u a composite number?
True
Suppose -g = 4*l - 40177, 2*l + 88 = 86. Is g composite?
True
Let w = -3 + 6. Let d be (-2 + 7/w)*30. Is d/35 - (-514)/14 prime?
True
Let n(y) be the third derivative of 11*y**5/20 - y**4/24 - 5*y**3/6 - 36*y**2. Is n(-2) a prime number?
False
Let b = 52135 + -25106. Is b a composite number?
True
Suppose 0 = 3*g + 2*n - 13593, -g + 0*g + 4544 = 5*n. Is g composite?
True
Let s(i) = 19*i**3 + 4*i**2 - i - 5. Let d(z) = -z**3 + 12*z**2 + 14*z - 10. Let c be d(13). Is s(c) a prime number?
True
Suppose -6*r + r + 118 = -4*s, 0 = -r - s + 20. Let a = -50 - -109. Let o = a - r. Is o composite?
False
Is ((-10)/15)/((-75550)/18885 + 4) a prime number?
True
Let d(r) = 37*r**2 - 21*r - 17. Is d(27) a composite number?
True
Let t be 1/(4/(-16)) - -6. Suppose 313 = -t*s + 1425. Suppose -o = -n - 628, n + s = 2*o - 703. Is o composite?
False
Let u(q) = -208*q**3 - 2*q**2 - 2*q - 3. Suppose -2*d - 4*b + 10 + 6 = 0, d + 4*b = 18. Is u(d) a composite number?
False
Let w(q) = -q + 14. Let f be w(9). Suppose 0 = -2*t + 3*v + 519, 2*t - t + f*v = 227. Let a = t + -133. Is a prime?
False
Let m be 39/(-26) - 18/(-4). Let j(g) = -3*g**2 - 6*g + 6. Let h be j(m). Is (h/(-13))/((-6)/(-236)) a composite number?
True
Let t(m) be the first derivative of -m**4/4 + 9*m**3 - 30*m**2 + 31*m - 15. Is t(24) prime?
False
Let x(o) = o**3 + 24*o**2 + o - 23. Is x(-13) a prime number?
True
Suppose -y + 37317 = 5*u, -u = 2*u - y - 22387. Is u prime?
False
Suppose -5*r - 11 = -t + 16, 5*r = 5*t - 95. Suppose -2*u = -19 + t. Is 545/u - (-8 - -6) composite?
False
Let n(i) = -i + 13. Let o be n(-13). Is 3 + o + -3 + 0 a composite number?
True
Suppose -42699 = 182*o - 185*o. Is o a prime number?
False
Is -6 + (16 - 5)*1079 composite?
False
Let s(z) = z**3 + 2*z + 5. Let u be s(0). Is 3 + (2 - -123) - u composite?
True
Suppose 5*t - 3*k = -5, 2*t - 6*t = -2*k + 2. Suppose -383 = -t*f + g, 9 - 388 = -2*f - 3*g. Is f a composite number?
False
Let l(r) = -26*r - 6. Let b(c) = 25*c + 7. Suppose 3*q + 5 + 7 = 0. Let y(g) = q*l(g) - 3*b(g). Is y(4) composite?
True
Let g(o) = o**2 - 22*o + 25. Let y be g(20). Let a = 72 + y. Is a composite?
True
Let u(k) = 20*k**2 - 5*k + 25. Let c be u(-8). Let y = c + -548. Is y prime?
True
Let v(s) = 356*s + 4. Let z(k) = -711*k - 8. Let r(b) = 5*v(b) + 3*z(b). Is r(-3) prime?
False
Let u(y) be the first derivative of 4*y**5/15 - y**4/24 + 5*y**3/3 - 7. Let h(c) be the third derivative of u(c). Is h(1) prime?
True
Let l(t) = 3*t**2 - 2*t + 3. Let u(g) = -g**3 - 5*g**2 - 2*g - 4. Let a be u(-5). Let o(r) = r. Let c(p) = a*o(p) + l(p). Is c(-2) a prime number?
True
Let x(b) = 3 - 2 + 6 - 8*b + b**2 + b. Suppose v = 4*v - 30. Is x(v) a prime number?
True
Suppose 2*c + 2 = 0, -p + 3*p + 4*c + 4 = 0. Let r be (12/24)/((-1)/(-34)). Suppose -2*d + 159 - r = p. Is d comp